digit of j?
1
Suppose -5*b - 2*a + 28 = -0*a, 5*a = 20. Suppose 5 = b*l - 3*l. Suppose -l*w + 6 = -19. What is the units digit of w?
5
What is the thousands digit of (-387)/(-45) + -8 + 19897/5?
3
Suppose -2*f + 63 = -957. What is the tens digit of f?
1
Suppose 3*b - 2*w = 9510, 0 = 24*w - 19*w + 15. What is the units digit of b?
8
Suppose -2*s + 6 + 4 = 0. Let o be ((-6)/s)/(7/35). Let n = 35 + o. What is the tens digit of n?
2
Let g(l) = -l**3 - 18*l**2 - 2*l - 42. Let w be g(-18). Let i(v) = 6*v**2 + 8*v - 3. What is the tens digit of i(w)?
6
Suppose 3404 = -44*w + 48*w. What is the tens digit of w?
5
Let w(b) be the first derivative of -b**4/4 - 2*b**3 - 4*b**2 - 10*b - 26. What is the units digit of w(-5)?
5
What is the tens digit of ((-516)/(-10))/(((-3)/1)/(-15))?
5
What is the units digit of -2*(3 + 219/(-6))?
7
Let z be (-2)/8 - (-110)/(-8). Let p = -17 - z. What is the units digit of 8/3 + (-1)/p?
3
Let h = -276 + 1171. What is the units digit of h?
5
Let r(z) = 208*z + 167. What is the hundreds digit of r(12)?
6
Let f(w) be the third derivative of w**6/120 - w**5/6 + 7*w**3/3 - 6*w**2. Let u be f(10). Suppose 5 = m - u. What is the units digit of m?
9
Let j(r) = 22*r**2 + 42*r - 1. What is the units digit of j(6)?
3
Let t = 6709 + -1582. What is the thousands digit of t?
5
Suppose -13*i + 3*i + 8780 = 0. What is the hundreds digit of i?
8
Suppose 5*c - 1 = -0*w - 3*w, -4*c - w = -5. What is the hundreds digit of c/8 - (-1)/(8/886)?
1
Let p = 142 - 51. What is the units digit of p?
1
Let l(y) = 25*y**3 + 6*y**2 + 2*y + 43. What is the tens digit of l(5)?
2
Suppose 48 = 10*x - 12. What is the tens digit of (172/x)/((-6)/(-36))?
7
Suppose -2*q - 288 = -6*q. Let s be (q/(-20))/((-3)/60). Suppose -a = -k + 80, -s = -k - a - 0*a. What is the tens digit of k?
7
Suppose 9*w - 1092 = 267. What is the tens digit of w?
5
Suppose -4*z + 104 = 2*v + 2*v, -5*z + v = -118. Suppose -18*m + 22*m - z = 0. What is the units digit of m?
6
Suppose 4*c - 4 = 4. Let w be -1*(-1 + 104/c). Let n = w + 90. What is the tens digit of n?
3
Let g(n) = -4*n - 2*n**3 - 6*n**2 - 6*n**2 + 13*n**2 - 3. Let q be g(-2). What is the tens digit of q/3*3 - -1?
2
Suppose 5*h - 24 = 4*w, 5 + 6 = 4*h + 5*w. Suppose 2 + h = 3*j. Suppose -j*s - 5*o - 38 + 104 = 0, -4*o + 36 = s. What is the tens digit of s?
2
What is the hundreds digit of -3 - 100/(-36) - 12480/(-27)?
4
Suppose h = -0*h - 6. Let x(j) = -j**3 - 5*j**2 + j + 8. Let z be x(h). Suppose -z = -o - o. What is the tens digit of o?
1
Suppose -u + 20 = -5*u. Let w be 3/(-12) - u/20. Suppose w = 5*o - 27 - 33. What is the tens digit of o?
1
Let y = 19 + -20. Let p(u) = -83*u**3 - u**2 + u + 1. What is the tens digit of p(y)?
8
Suppose z = -5*g + 166, -4*g + 61 = -4*z - 67. Let d = g + -25. Suppose d*x - 77 = 475. What is the tens digit of x?
6
Let t(i) = i**3 + 5*i**2 + i + 7. Let v be t(-5). Let d(m) = m**2 + m**3 - 5*m + 2*m**2 - v*m**2 + 3 - 5*m**2. What is the units digit of d(6)?
5
Suppose 0 = -2*p + 5*i + 7060, -4*p - i - 5306 + 19426 = 0. What is the tens digit of p?
3
Suppose -3*r - 9 = -4*r. Suppose r + 1 = 5*d. Suppose 5*l - 33 = -3*c - 8, d*l - 5*c - 41 = 0. What is the units digit of l?
8
Let r be (-511)/(-28) + 2/(-8). Let h(w) = -5*w**2 + 5*w**2 + 7*w**2 - 8*w - 6*w**3 + r + 7*w**3. What is the tens digit of h(-8)?
1
Let k(p) = -2*p**3 - 13*p**2 + 3*p + 11. What is the thousands digit of k(-11)?
1
Suppose 108*c - 87*c - 67389 = 0. What is the units digit of c?
9
Let i = 1866 + -1296. What is the units digit of i?
0
Suppose 4*p - 214 = 2*v, -3*p + 153 = -0*v - 3*v. Suppose -2*n + 3*n - p = 0. Suppose 0*h - n = -4*h. What is the units digit of h?
4
Let c(a) = -a**2 + 6*a - 9. Let j be c(5). What is the tens digit of (-12)/2 + 106 + 1 + j?
9
Let u(k) = 4*k - 9. Let c be u(13). Let x = 130 - c. Let l = x + -50. What is the units digit of l?
7
Let j(r) = -67*r**3 + 6*r**2 + 5*r + 2. Let p be j(-2). Suppose 6*z - p = 3*z. What is the units digit of z?
4
Let u = 65 - 80. Let w = 10 - u. What is the units digit of w?
5
Let s be (-6)/4 + 57/6. Let t = s - 2. What is the tens digit of 8/6*63/t?
1
Let o(t) = 18*t**2 + 24*t - 111. What is the hundreds digit of o(11)?
3
Let z = -2 - -38. Let p = z + 63. What is the units digit of p?
9
Let g(l) = l + 25. Let a be g(20). Suppose a = k - 19. What is the units digit of k?
4
Let i(b) = 54*b - 4. Let d be i(-2). Let s = 165 + d. What is the tens digit of s?
5
Let t be (20/(-3))/((15/9)/(-5)). Suppose -t*x + 1836 = -3*x. What is the tens digit of x?
0
Let i = -92 - -163. Let a = i - 4. What is the tens digit of a?
6
Let k = -5245 + 9628. What is the units digit of k?
3
Let c be ((-2)/(-4))/((-1)/(-5 + -1)). What is the tens digit of (c - (-51)/(-15)) + (-594)/(-10)?
5
Suppose -j - 475 = -3*v, -5*j = 2*v - 559 + 214. What is the tens digit of v?
6
Let a be -1 + 5 - (-4)/(-2). Suppose 10 = -a*s + 100. Let i = s + 17. What is the tens digit of i?
6
Let d = 296 + -74. What is the hundreds digit of d?
2
What is the units digit of 1/6 - (-101072)/96?
3
Let w = -94 + 98. Suppose l - w*z - 9 = 0, 0 = 11*z - 8*z + 6. What is the units digit of l?
1
Let h be 12/(-4) - (15 + 0). Let j = -16 - h. What is the units digit of (1 - 0)*(j + 21)?
3
Suppose -2*c + 0*c = -28. Suppose t + s - c = 0, -2*s = -2*t + 3*s + 35. What is the tens digit of t?
1
Let a(o) = 3*o**2 - 43*o - 17. Let i(w) = -2*w**2 + 12*w + 5. Let h be i(5). What is the tens digit of a(h)?
1
Suppose -3*d - 126 + 516 = 0. Suppose d = -7*u + 851. What is the units digit of u?
3
Let m(w) = w + 2. Let j be (-24)/18*6/(-4). Suppose -3*t + 12 = j*d, -t + 5 - 1 = 2*d. What is the units digit of m(d)?
2
Suppose -3*w + 519 = -0*w. Suppose 162 = 5*p - w. What is the tens digit of p?
6
Let s(p) be the third derivative of p**5/30 - 5*p**4/24 - 2*p**3/3 + 2*p**2. Suppose 4*b + 4*i - 5 = 3, -3*b = 2*i - 1. What is the units digit of s(b)?
9
Suppose 3*k - 2980 = q + 4*q, 4*k = -2*q + 3956. What is the units digit of k?
0
Let m = -43 + 46. What is the tens digit of (1 + -4)/(m/(-28))?
2
Let y(k) = k**2. Let b be y(0). Suppose -16 = h + h - 4*x, 4*x = h + 18. What is the tens digit of 73/2*(h + b)?
7
Let j be 7/35*-1 - (-31)/5. What is the units digit of 0 + -302*(-3)/j?
1
Let g(r) = -r**2 + 13*r - 18. Let q be g(11). Suppose 0 = -3*w + q*w - 33. Suppose 0 = n + 4*s - w, -2*n = s - 45 - 7. What is the units digit of n?
5
Let i be 27/6 + -2 + (-5)/(-2). Suppose 5*v - i*g - 15 = 165, 2*g + 107 = 3*v. What is the tens digit of v?
3
Suppose -4*d + 2*d + 8 = 0, 2*d - 10 = -c. What is the units digit of (-3910)/(-35) - c/(-7)?
2
What is the hundreds digit of (244375/(-30))/(-17) - 1/6?
4
Suppose 3*a = -2*l - 8, 0*a + a - 44 = 4*l. Let i = l - -12. Suppose i*d - u = 31 + 5, 0 = -d + 2*u + 24. What is the units digit of d?
6
What is the hundreds digit of 12/(-8)*(1 - 643)?
9
Suppose 3037 = 4*m - v, -m + 268 = -3*v - 483. What is the hundreds digit of m?
7
Suppose -2*d = -6*d - 152. Let c = -27 - d. Suppose -25 + c = -t + 3*f, -3*t + 4*f + 67 = 0. What is the tens digit of t?
2
Let c = 112 - -216. What is the tens digit of c?
2
Let w = -15 - -22. Let j(q) = -6*q + 8*q - 7*q - w - 8*q. What is the units digit of j(-3)?
2
Let t be -2 + -2 - (-6 - 1). Suppose 1 = 2*f - t. Suppose 0 = -f*m + 5*m + 4*s - 143, -m + 37 = -4*s. What is the units digit of m?
5
Let w(k) = -3*k + 5. Let m be w(-21). Let s = -54 + m. What is the tens digit of s?
1
Let q(b) = 18*b - 8 + 257*b**2 + 1 - 265*b**2 + b**3. What is the tens digit of q(7)?
7
Let u(z) = -26*z**2 - 2*z - 2. Let s be u(-1). Let m be (-3 + s/(-10))*-5. What is the tens digit of m/(-12) + 798/36?
2
Let o(y) be the second derivative of -y**5/5 + y**4/6 + y**3/2 - 2*y**2 - 18*y. What is the units digit of o(-3)?
3
Suppose -30*p - 77 = -23*p. Let u(g) = -3*g**2 + 21*g - 25. Let r(i) = i**2 - 10*i + 13. Let y(w) = -5*r(w) - 2*u(w). What is the units digit of y(p)?
8
Let d = 949 - 416. What is the hundreds digit of d?
5
Let z = -196 + 740. What is the tens digit of z?
4
Let p be (4/(-12))/(2/(-12)). Suppose 4*d - 2 - 20 = p*t, -5*d + 5 = 5*t. Suppose -4*f - d = -2*s - 2*s, 5 = 2*s + f. What is the units digit of s?
2
Let z = 25 - 27. Let l(a) = -74*a - 9. What is the tens digit of l(z)?
3
Let b = 2393 - 1404. 